{"id":23,"date":"2025-12-11T17:45:22","date_gmt":"2025-12-11T16:45:22","guid":{"rendered":"https:\/\/consulting-officemanager.com\/?page_id=23"},"modified":"2025-12-12T09:10:34","modified_gmt":"2025-12-12T08:10:34","slug":"contact","status":"publish","type":"page","link":"https:\/\/consulting-officemanager.com\/?page_id=23","title":{"rendered":"Me contacter"},"content":{"rendered":"\n<p class=\"has-text-align-center\"><br>Lors d\u2019un premier entretien physique, par t\u00e9l\u00e9phone ou en visio, nous \u00e9changeons pour \u00e9tablir vos besoins qu&rsquo;ils soient ponctuels (mission) ou r\u00e9currents (forfait), afin d\u2019adapter votre devis personnalis\u00e9.<\/p>\n\n\n\n<p class=\"has-text-align-center\">+33 6 30 82 29 87<\/p>\n\n\n\n<p class=\"has-text-align-center\">contact@consulting-officemanager.com<\/p>\n\n\n\n<figure class=\"wp-block-image aligncenter size-full\"><img loading=\"lazy\" decoding=\"async\" width=\"382\" height=\"130\" src=\"https:\/\/consulting-officemanager.com\/wp-content\/uploads\/2025\/12\/contact.png\" alt=\"\" class=\"wp-image-42\" srcset=\"https:\/\/consulting-officemanager.com\/wp-content\/uploads\/2025\/12\/contact.png 382w, https:\/\/consulting-officemanager.com\/wp-content\/uploads\/2025\/12\/contact-300x102.png 300w\" sizes=\"auto, (max-width: 382px) 100vw, 382px\" \/><\/figure>\n","protected":false},"excerpt":{"rendered":"<p>Lors d\u2019un premier entretien physique, par t\u00e9l\u00e9phone ou en visio, nous \u00e9changeons pour \u00e9tablir vos besoins qu&rsquo;ils soient ponctuels (mission) ou r\u00e9currents (forfait), afin d\u2019adapter votre devis personnalis\u00e9. +33 6 30 82 29 87 contact@consulting-officemanager.com<\/p>\n","protected":false},"author":1,"featured_media":0,"parent":0,"menu_order":4,"comment_status":"closed","ping_status":"closed","template":"","meta":{"footnotes":""},"class_list":["post-23","page","type-page","status-publish","hentry"],"_links":{"self":[{"href":"https:\/\/consulting-officemanager.com\/index.php?rest_route=\/wp\/v2\/pages\/23","targetHints":{"allow":["GET"]}}],"collection":[{"href":"https:\/\/consulting-officemanager.com\/index.php?rest_route=\/wp\/v2\/pages"}],"about":[{"href":"https:\/\/consulting-officemanager.com\/index.php?rest_route=\/wp\/v2\/types\/page"}],"author":[{"embeddable":true,"href":"https:\/\/consulting-officemanager.com\/index.php?rest_route=\/wp\/v2\/users\/1"}],"replies":[{"embeddable":true,"href":"https:\/\/consulting-officemanager.com\/index.php?rest_route=%2Fwp%2Fv2%2Fcomments&post=23"}],"version-history":[{"count":3,"href":"https:\/\/consulting-officemanager.com\/index.php?rest_route=\/wp\/v2\/pages\/23\/revisions"}],"predecessor-version":[{"id":59,"href":"https:\/\/consulting-officemanager.com\/index.php?rest_route=\/wp\/v2\/pages\/23\/revisions\/59"}],"wp:attachment":[{"href":"https:\/\/consulting-officemanager.com\/index.php?rest_route=%2Fwp%2Fv2%2Fmedia&parent=23"}],"curies":[{"name":"wp","href":"https:\/\/api.w.org\/{rel}","templated":true}]}}